((-20)/(-15))/(-2).
7
Let o(d) = -d**3 - 10*d**2 - 12*d - 11. Let c(z) = z**3 + 6*z**2 + 28*z + 214. Calculate the remainder when c(-6) is divided by o(-9).
14
What is the remainder when (-15390)/(-175) - (-52)/910 is divided by (-54)/(-4) + 2/(-4)?
10
Let l(m) = 2*m**3 + m**2 + 9*m - 4. Let a be l(-8). Suppose -12*g = -7*g - 80. Calculate the remainder when (-3)/5 + a/(-35) is divided by g.
13
Let l be 33 + -2 - (6 - (-4 - -7)). Let y(p) = -2*p**2 - p + 1. Let g be y(-3). Let w = l + g. What is the remainder when w is divided by 6?
2
Let i = 1115 + -1094. What is the remainder when (-2)/7 + (-830)/(-14) is divided by i?
17
Let k = 365 + -207. Suppose 0 = -4*x + 57 - 13. What is the remainder when x is divided by (k/22 - 6/33) + -1?
5
Let y(u) = -4*u - 2. Let f(p) = -42*p - 906. Calculate the remainder when f(-22) is divided by y(-3).
8
Let p(h) = h**3 - 5*h**2 + h + 3. Suppose -5*c + 9*c = 20. What is the remainder when p(c) is divided by 5?
3
Let z = -71 + 73. Suppose -5*t - 5*n + 165 = 0, -6*n + 100 = 3*t - z*n. What is the remainder when t is divided by 11?
10
Let a = -154 - -280. Calculate the remainder when a is divided by 8.
6
What is the remainder when 12/(12/6) + 82 + -2 is divided by 27 + 2 + 2 + -2?
28
Suppose 0 = -2*x - 0*x + 30. Calculate the remainder when 29 is divided by 3/(x/(-20)) + 10.
5
Let s be 1 + -1 + 18/6. Let a = 6 - s. Suppose 0 = 5*i - a*u + u - 399, 2*i - u = 159. What is the remainder when i is divided by 21?
18
Let r be 6 - (-1 - -1 - -4). Suppose 0 = -r*t - 2 + 14. Suppose 4*y - 46 = 18. What is the remainder when y is divided by t?
4
Suppose 2*r + g = 4*g - 3, g - 1 = 3*r. What is the remainder when (-3 - 0)/(2/(-6)) is divided by (-2)/(-8) + ((-161)/(-28) - r)?
3
Suppose -3*l + 414 = -3*x, -x = 5*l - 4*x - 682. Calculate the remainder when l is divided by 40.
14
Let i(u) = -u - 2. Let x be i(-3). Let q(o) = -1377*o. Let t(b) = -32*b. Let k(y) = 5*q(y) - 216*t(y). What is the remainder when 51 is divided by k(x)?
24
Let o = 2420 - 2408. Calculate the remainder when 70 is divided by o.
10
Let b = -21 - -40. Suppose -5*z = -0*z - 5*s - 25, 0 = 5*z - 2*s - b. Suppose 0 = z*a - 293 - 109. Calculate the remainder when a is divided by 27.
26
Let k = -25 - -36. Let z(d) = -d**2 + 4*d + 0*d + d - 1 + 3*d. Calculate the remainder when k is divided by z(7).
5
Suppose 251*x - 713 = 230*x + 253. Let k(a) = 18*a**3 - a**2 - 3*a + 2. What is the remainder when k(2) is divided by x?
44
Let t(a) = 35*a**2 - 2*a - 2. Calculate the remainder when 132 is divided by t(-1).
27
Let c(x) = -x**2 + 23*x - 14. Calculate the remainder when c(18) is divided by 43.
33
Suppose 5*v - 357 = -3*p, -7*v + 4*v + 211 = 5*p. Calculate the remainder when 135 is divided by v.
63
Suppose -303 = -5*j - 2*m, -9*j + 8*j + 71 = 3*m. Calculate the remainder when j is divided by 25.
9
Suppose 0 = -8*w + 3*w - 90. Let j = 63 + w. What is the remainder when j is divided by 16?
13
Let h = -175 + 196. Calculate the remainder when 117 is divided by h.
12
Suppose -3*j - 123 - 966 = 4*q, 3*q + 853 = 5*j. What is the remainder when 21 is divided by (-1)/4 + (q/(-16) - 5)?
9
Suppose 4*b - 24 = -5*c, -3 = c - 7. Let h = b + 14. Calculate the remainder when 44 is divided by h.
14
Suppose 2*t = -2*k + 34, 5*t - 4*k - 13 = 27. What is the remainder when 22 is divided by t?
10
Let f = -923 - -1081. What is the remainder when f is divided by 27?
23
Let g be (0 + (-5)/10)*0. Suppose g = 4*b - 56. What is the remainder when 54 is divided by b?
12
Let k = 1963 + -1910. What is the remainder when 370 is divided by k?
52
Suppose 60 = -3*q - 2*q. Let b = 6 - q. Calculate the remainder when b is divided by (64/(-56))/((-8)/28).
2
Let m = -1 - 4. Let a(c) = c**3 + c**2 - 3*c + 14. Let g be a(0). Let z = g + m. What is the remainder when z is divided by 3?
0
Suppose 0 = 2*u - 358 - 2. Suppose 0*b - 86 = -b - d, -2*b - 4*d = -u. What is the remainder when b is divided by 17?
14
Let p be ((-2)/(-4))/((-125)/30 - -4). What is the remainder when 82 is divided by p*(-2 + 66/(-18))?
14
Suppose 3*c + z - 95 = 0, c - 2*c + 21 = -5*z. Suppose 4 = -3*s + 4*a + 42, -s + 5*a + c = 0. What is the remainder when 69 is divided by s?
3
What is the remainder when 319 is divided by (-2)/11 - 50660/(-935)?
49
Suppose 4*c + 3 + 5 = 0, 2*c + 179 = 5*w. What is the remainder when w + (3 - 6) + -5 is divided by 8?
3
Let r(a) = a - 4. Let c be r(4). Let k(v) = 2*v**2 + 17*v - 14. Let p be k(-10). Suppose c = 2*m - p - 10. Calculate the remainder when 37 is divided by m.
11
Let i = 119 + 17. Suppose 0*m + 2*m - i = 0. Calculate the remainder when 67 is divided by (m/(-16))/((-4)/16).
16
Let a = -381 + 428. What is the remainder when 185 is divided by a?
44
Let f(c) = c**3 - 29*c**2 + 2*c + 55. Calculate the remainder when f(29) is divided by 32.
17
Calculate the remainder when 139 is divided by (-9)/21 - 5/((-70)/524).
28
Suppose 54 + 3 = 2*u + q, 0 = 2*u - 4*q - 52. What is the remainder when u is divided by (0 + -15)*(-1)/1?
13
Let r(v) = v**2 + 4*v - 16. Let a = -41 + 45. Calculate the remainder when 2*-1 + (-99)/(-3) is divided by r(a).
15
Let n(k) = k**2 + 5*k + 2. Let w be n(-5). What is the remainder when 28 is divided by (w/5)/(1/15 - 0)?
4
Suppose 52*y = 49*y + 87. Let v = -2 - -5. Suppose v*b - 228 = b. What is the remainder when b is divided by y?
27
Let y = 1253 - 868. What is the remainder when y is divided by 190?
5
What is the remainder when 62 is divided by (887/(-15))/(-1) + 26/(-195)?
3
Suppose -4*b = 0, -3*o - 3*b - 12 = -2*b. Let v(h) = 2*h**2 - h - 8. Let i be v(o). Suppose -7*n + i = 7. What is the remainder when 17 is divided by n?
2
Suppose 15*z = 12*z + 93. Suppose -z = -4*v + 53. Calculate the remainder when 62 is divided by v.
20
Let v be (-8)/5*(-465)/6. Let l be (60/(-16)*5)/(3/8). Let q = v + l. What is the remainder when q is divided by 38?
36
Let b be ((-2)/(-4))/((-99)/(-24) + -4). Let q(w) = 3*w**2 - 3*w + 2. What is the remainder when q(b) is divided by 13?
12
Let b = 351 - 334. Calculate the remainder when 65 is divided by b.
14
Let v(h) = 64*h**3 - h**2 + 2. Let l be v(1). Suppose q = -4*q + l. What is the remainder when q is divided by 4?
1
Let y(s) = -41*s - 69. Calculate the remainder when 128 is divided by y(-2).
11
Suppose -54*h = -14*h - 200. Suppose -2 = -4*x + 14. Suppose 13 = k - h*p, -x - 1 = -3*k - 2*p. What is the remainder when 12 is divided by k?
0
Let p(h) = h**2 - 9*h. Let g = 29 + -34. What is the remainder when p(g) is divided by 24?
22
Suppose -63 = -5*m + 67. Let l be (-5700)/(-130) + 4/m. Suppose l = 2*g - 86. What is the remainder when g is divided by 33?
32
Let l(v) = -2*v - 1. Let m be l(-8). Calculate the remainder when 60 is divided by ((-9)/m*2)/((-9)/120).
12
Let n = -3 + 20. Let b = -13 + 35. Suppose -3*o - 4 + b = 0. What is the remainder when n is divided by o?
5
Let m = -496 + 528. Calculate the remainder when 158 is divided by m.
30
Suppose 0 = m - 4 + 1. Suppose 2*v = 5*j - 98, -7*v + m = -4*v. Calculate the remainder when j is divided by (-2 - -1) + 0 + 12.
9
Suppose 2*i = -3*i + 5*y + 115, 89 = 4*i - 3*y. Let h = i - -13. What is the remainder when h is divided by 72/30*(0 - -5)?
9
Suppose 0*x = -4*x + 8. Suppose -x*v - 35 + 85 = -4*c, 0 = -4*v - 2*c + 60. Calculate the remainder when v is divided by 10.
7
Let l be ((-30)/45)/((-2)/375). Suppose -2*w + 54 = 2*h, 5*w - l = 4*h + h. What is the remainder when 128 is divided by w?
24
Let c = 2905 - 2563. What is the remainder when c is divided by 84?
6
What is the remainder when 36*(-6 + (-123)/12*-1) is divided by 39?
36
Suppose -t = 3*v - 344, -4*v - 149 + 596 = -t. What is the remainder when v is divided by 30?
23
Let c be -9*(-2)/12*8. Suppose 3*f + 2*j = c, f = -0*f + 3*j + 4. Calculate the remainder when f is divided by 2.
0
What is the remainder when (-40)/4*1/(-2) is divided by 2 - -1 - 4 - -3?
1
Suppose -5*h = 30 - 10, 5*t - 2 = -2*h. Suppose -t*r + 4*m + 44 + 36 = 0, 5*m = 3*r - 121. Calculate the remainder when r is divided by -15*(-2 - 1/(-1)).
12
Suppose u + 2*x - 20 = 0, 0 = -2*u + 2*x + 2 + 14. Suppose -202 = -3*n + 41. What is the remainder when n is divided by u?
9
Suppose 12 + 18 = 5*y. Let x(s) = -s**2 + 13*s + 7. What is the remainder when x(y) is divided by 52